[INFO] fetching crate tellme-client 2.0.1...
[INFO] checking tellme-client-2.0.1 against master#9610dfe5a9a731ced1ea4923ecbd0c57fe367898 for beta-170-4
[INFO] extracting crate tellme-client 2.0.1 into /workspace/builds/worker-0-tc1/source
[INFO] validating manifest of crates.io crate tellme-client 2.0.1 on toolchain 9610dfe5a9a731ced1ea4923ecbd0c57fe367898
[INFO] running `Command { std: CARGO_HOME="/workspace/cargo-home" RUSTUP_HOME="/workspace/rustup-home" "/workspace/cargo-home/bin/cargo" "+9610dfe5a9a731ced1ea4923ecbd0c57fe367898" "metadata" "--manifest-path" "Cargo.toml" "--no-deps", kill_on_drop: false }`
[INFO] started tweaking crates.io crate tellme-client 2.0.1
[INFO] finished tweaking crates.io crate tellme-client 2.0.1
[INFO] tweaked toml for crates.io crate tellme-client 2.0.1 written to /workspace/builds/worker-0-tc1/source/Cargo.toml
[INFO] running `Command { std: CARGO_HOME="/workspace/cargo-home" RUSTUP_HOME="/workspace/rustup-home" __CARGO_TEST_CHANNEL_OVERRIDE_DO_NOT_USE_THIS="nightly" "/workspace/cargo-home/bin/cargo" "+9610dfe5a9a731ced1ea4923ecbd0c57fe367898" "generate-lockfile" "--manifest-path" "Cargo.toml" "-Zno-index-update", kill_on_drop: false }`
[INFO] running `Command { std: CARGO_HOME="/workspace/cargo-home" RUSTUP_HOME="/workspace/rustup-home" "/workspace/cargo-home/bin/cargo" "+9610dfe5a9a731ced1ea4923ecbd0c57fe367898" "fetch" "--manifest-path" "Cargo.toml", kill_on_drop: false }`
[INFO] running `Command { std: "docker" "create" "-v" "/var/lib/crater-agent-workspace/builds/worker-0-tc1/target:/opt/rustwide/target:rw,Z" "-v" "/var/lib/crater-agent-workspace/builds/worker-0-tc1/source:/opt/rustwide/workdir:ro,Z" "-v" "/var/lib/crater-agent-workspace/cargo-home:/opt/rustwide/cargo-home:ro,Z" "-v" "/var/lib/crater-agent-workspace/rustup-home:/opt/rustwide/rustup-home:ro,Z" "-e" "SOURCE_DIR=/opt/rustwide/workdir" "-e" "CARGO_TARGET_DIR=/opt/rustwide/target" "-e" "CARGO_HOME=/opt/rustwide/cargo-home" "-e" "RUSTUP_HOME=/opt/rustwide/rustup-home" "-w" "/opt/rustwide/workdir" "-m" "1610612736" "--user" "0:0" "--network" "none" "ghcr.io/rust-lang/crates-build-env/linux@sha256:19e73879b68f455e41552ea35293514db52ea292d993f571636dbffedb77a1ee" "/opt/rustwide/cargo-home/bin/cargo" "+9610dfe5a9a731ced1ea4923ecbd0c57fe367898" "metadata" "--no-deps" "--format-version=1", kill_on_drop: false }`
[INFO] [stdout] fa38d1bd4f3b34c6bd6811ef7ddb846e15664a5e613c5bac852fb06a1e1b6552
[INFO] running `Command { std: "docker" "start" "-a" "fa38d1bd4f3b34c6bd6811ef7ddb846e15664a5e613c5bac852fb06a1e1b6552", kill_on_drop: false }`
[INFO] running `Command { std: "docker" "inspect" "fa38d1bd4f3b34c6bd6811ef7ddb846e15664a5e613c5bac852fb06a1e1b6552", kill_on_drop: false }`
[INFO] running `Command { std: "docker" "rm" "-f" "fa38d1bd4f3b34c6bd6811ef7ddb846e15664a5e613c5bac852fb06a1e1b6552", kill_on_drop: false }`
[INFO] [stdout] fa38d1bd4f3b34c6bd6811ef7ddb846e15664a5e613c5bac852fb06a1e1b6552
[INFO] running `Command { std: "docker" "create" "-v" "/var/lib/crater-agent-workspace/builds/worker-0-tc1/target:/opt/rustwide/target:rw,Z" "-v" "/var/lib/crater-agent-workspace/builds/worker-0-tc1/source:/opt/rustwide/workdir:ro,Z" "-v" "/var/lib/crater-agent-workspace/cargo-home:/opt/rustwide/cargo-home:ro,Z" "-v" "/var/lib/crater-agent-workspace/rustup-home:/opt/rustwide/rustup-home:ro,Z" "-e" "SOURCE_DIR=/opt/rustwide/workdir" "-e" "CARGO_TARGET_DIR=/opt/rustwide/target" "-e" "CARGO_INCREMENTAL=0" "-e" "RUST_BACKTRACE=full" "-e" "RUSTFLAGS=--cap-lints=forbid" "-e" "RUSTDOCFLAGS=--cap-lints=forbid" "-e" "CARGO_HOME=/opt/rustwide/cargo-home" "-e" "RUSTUP_HOME=/opt/rustwide/rustup-home" "-w" "/opt/rustwide/workdir" "-m" "1610612736" "--user" "0:0" "--network" "none" "ghcr.io/rust-lang/crates-build-env/linux@sha256:19e73879b68f455e41552ea35293514db52ea292d993f571636dbffedb77a1ee" "/opt/rustwide/cargo-home/bin/cargo" "+9610dfe5a9a731ced1ea4923ecbd0c57fe367898" "check" "--frozen" "--all" "--all-targets" "--message-format=json", kill_on_drop: false }`
[INFO] [stdout] c27ce5cf990204263c01b8897888865cb31e87dbe6b695b583088f741cb10e37
[INFO] running `Command { std: "docker" "start" "-a" "c27ce5cf990204263c01b8897888865cb31e87dbe6b695b583088f741cb10e37", kill_on_drop: false }`
[INFO] [stderr]     Checking once_cell v1.17.2
[INFO] [stderr]    Compiling pkg-config v0.3.27
[INFO] [stderr]    Compiling futures-core v0.3.28
[INFO] [stderr]    Compiling tokio v1.28.2
[INFO] [stderr]    Compiling log v0.4.18
[INFO] [stderr]     Checking mio v0.8.8
[INFO] [stderr]     Checking socket2 v0.4.9
[INFO] [stderr]    Compiling syn v2.0.18
[INFO] [stderr]    Compiling futures-task v0.3.28
[INFO] [stderr]     Checking tracing-core v0.1.31
[INFO] [stderr]    Compiling indexmap v1.9.3
[INFO] [stderr]    Compiling slab v0.4.8
[INFO] [stderr]     Checking foreign-types-shared v0.1.1
[INFO] [stderr]    Compiling openssl v0.10.53
[INFO] [stderr]    Compiling serde v1.0.163
[INFO] [stderr]    Compiling futures-util v0.3.28
[INFO] [stderr]    Compiling openssl-sys v0.9.88
[INFO] [stderr]     Checking foreign-types v0.3.2
[INFO] [stderr]     Checking tinyvec_macros v0.1.1
[INFO] [stderr]    Compiling futures-channel v0.3.28
[INFO] [stderr]     Checking tracing v0.1.37
[INFO] [stderr]     Checking futures-sink v0.3.28
[INFO] [stderr]     Checking hashbrown v0.12.3
[INFO] [stderr]    Compiling native-tls v0.2.11
[INFO] [stderr]     Checking tinyvec v1.6.0
[INFO] [stderr]     Checking percent-encoding v2.2.0
[INFO] [stderr]     Checking openssl-probe v0.1.5
[INFO] [stderr]     Checking want v0.3.0
[INFO] [stderr]     Checking form_urlencoded v1.1.0
[INFO] [stderr]    Compiling serde_json v1.0.96
[INFO] [stderr]     Checking unicode-bidi v0.3.13
[INFO] [stderr]     Checking encoding_rs v0.8.32
[INFO] [stderr]     Checking base64 v0.21.2
[INFO] [stderr]     Checking mime v0.3.17
[INFO] [stderr]     Checking ipnet v2.7.2
[INFO] [stderr]     Checking unicode-normalization v0.1.22
[INFO] [stderr]     Checking idna v0.3.0
[INFO] [stderr]    Compiling openssl-macros v0.1.1
[INFO] [stderr]    Compiling serde_derive v1.0.163
[INFO] [stderr]     Checking tokio-util v0.7.8
[INFO] [stderr]     Checking h2 v0.3.19
[INFO] [stderr]     Checking tokio-native-tls v0.3.1
[INFO] [stderr]     Checking hyper v0.14.26
[INFO] [stderr]     Checking hyper-tls v0.5.0
[INFO] [stderr]     Checking serde_urlencoded v0.7.1
[INFO] [stderr]     Checking url v2.3.1
[INFO] [stderr]     Checking reqwest v0.11.18
[INFO] [stderr]     Checking tellme-client v2.0.1 (/opt/rustwide/workdir)
[INFO] [stdout] error[E0728]: `await` is only allowed inside `async` functions and blocks
[INFO] [stdout]    --> src/lib.rs:190:35
[INFO] [stdout]     |
[INFO] [stdout] 180 |     fn it_works() {
[INFO] [stdout]     |        -------- this is not `async`
[INFO] [stdout] ...
[INFO] [stdout] 190 |                                  .await
[INFO] [stdout]     |                                   ^^^^^ only allowed inside `async` functions and blocks
[INFO] [stdout] 
[INFO] [stdout] 
[INFO] [stdout] error[E0728]: `await` is only allowed inside `async` functions and blocks
[INFO] [stdout]    --> src/lib.rs:197:43
[INFO] [stdout]     |
[INFO] [stdout] 180 |     fn it_works() {
[INFO] [stdout]     |        -------- this is not `async`
[INFO] [stdout] ...
[INFO] [stdout] 197 |                                          .await.expect("Failed to register self in service registry!");
[INFO] [stdout]     |                                           ^^^^^ only allowed inside `async` functions and blocks
[INFO] [stdout] 
[INFO] [stdout] 
[INFO] [stdout] error[E0728]: `await` is only allowed inside `async` functions and blocks
[INFO] [stdout]    --> src/lib.rs:204:16
[INFO] [stdout]     |
[INFO] [stdout] 180 |     fn it_works() {
[INFO] [stdout]     |        -------- this is not `async`
[INFO] [stdout] ...
[INFO] [stdout] 204 |               .await
[INFO] [stdout]     |                ^^^^^ only allowed inside `async` functions and blocks
[INFO] [stdout] 
[INFO] [stdout] 
[INFO] [stdout] error[E0728]: `await` is only allowed inside `async` functions and blocks
[INFO] [stdout]    --> src/lib.rs:209:16
[INFO] [stdout]     |
[INFO] [stdout] 180 |     fn it_works() {
[INFO] [stdout]     |        -------- this is not `async`
[INFO] [stdout] ...
[INFO] [stdout] 209 |               .await
[INFO] [stdout]     |                ^^^^^ only allowed inside `async` functions and blocks
[INFO] [stdout] 
[INFO] [stdout] 
[INFO] [stdout] error[E0728]: `await` is only allowed inside `async` functions and blocks
[INFO] [stdout]    --> src/lib.rs:214:16
[INFO] [stdout]     |
[INFO] [stdout] 180 |     fn it_works() {
[INFO] [stdout]     |        -------- this is not `async`
[INFO] [stdout] ...
[INFO] [stdout] 214 |               .await
[INFO] [stdout]     |                ^^^^^ only allowed inside `async` functions and blocks
[INFO] [stdout] 
[INFO] [stdout] 
[INFO] [stdout] error[E0728]: `await` is only allowed inside `async` functions and blocks
[INFO] [stdout]    --> src/lib.rs:218:16
[INFO] [stdout]     |
[INFO] [stdout] 180 |     fn it_works() {
[INFO] [stdout]     |        -------- this is not `async`
[INFO] [stdout] ...
[INFO] [stdout] 218 |               .await
[INFO] [stdout]     |                ^^^^^ only allowed inside `async` functions and blocks
[INFO] [stdout] 
[INFO] [stdout] 
[INFO] [stdout] error[E0308]: mismatched types
[INFO] [stdout]    --> src/lib.rs:213:51
[INFO] [stdout]     |
[INFO] [stdout] 213 |         client.subscribe(identifier, true, false, "/hook/on_registration")
[INFO] [stdout]     |                ---------                          ^^^^^^^^^^^^^^^^^^^^^^^- help: try using a conversion method: `.to_string()`
[INFO] [stdout]     |                |                                  |
[INFO] [stdout]     |                |                                  expected `String`, found `&str`
[INFO] [stdout]     |                arguments to this method are incorrect
[INFO] [stdout]     |
[INFO] [stdout] note: method defined here
[INFO] [stdout]    --> src/lib.rs:144:18
[INFO] [stdout]     |
[INFO] [stdout] 144 |     pub async fn subscribe(
[INFO] [stdout]     |                  ^^^^^^^^^
[INFO] [stdout] ...
[INFO] [stdout] 149 |         endpoint       : String
[INFO] [stdout]     |         -----------------------
[INFO] [stdout] 
[INFO] [stdout] 
[INFO] [stdout] error[E0308]: mismatched types
[INFO] [stdout]    --> src/lib.rs:217:51
[INFO] [stdout]     |
[INFO] [stdout] 217 |         client.subscribe(identifier, false, true, "/hook/on_acceptance")
[INFO] [stdout]     |                ---------                          ^^^^^^^^^^^^^^^^^^^^^- help: try using a conversion method: `.to_string()`
[INFO] [stdout]     |                |                                  |
[INFO] [stdout]     |                |                                  expected `String`, found `&str`
[INFO] [stdout]     |                arguments to this method are incorrect
[INFO] [stdout]     |
[INFO] [stdout] note: method defined here
[INFO] [stdout]    --> src/lib.rs:144:18
[INFO] [stdout]     |
[INFO] [stdout] 144 |     pub async fn subscribe(
[INFO] [stdout]     |                  ^^^^^^^^^
[INFO] [stdout] ...
[INFO] [stdout] 149 |         endpoint       : String
[INFO] [stdout]     |         -----------------------
[INFO] [stdout] 
[INFO] [stdout] 
[INFO] [stdout] error: aborting due to 8 previous errors
[INFO] [stdout] 
[INFO] [stdout] 
[INFO] [stdout] Some errors have detailed explanations: E0308, E0728.
[INFO] [stdout] 
[INFO] [stdout] For more information about an error, try `rustc --explain E0308`.
[INFO] [stdout] 
[INFO] [stderr] error: could not compile `tellme-client` (lib test) due to 9 previous errors
[INFO] [stderr] warning: build failed, waiting for other jobs to finish...
[INFO] running `Command { std: "docker" "inspect" "c27ce5cf990204263c01b8897888865cb31e87dbe6b695b583088f741cb10e37", kill_on_drop: false }`
[INFO] running `Command { std: "docker" "rm" "-f" "c27ce5cf990204263c01b8897888865cb31e87dbe6b695b583088f741cb10e37", kill_on_drop: false }`
[INFO] [stdout] c27ce5cf990204263c01b8897888865cb31e87dbe6b695b583088f741cb10e37
